ime?
False
Is 1448975887 a composite number?
False
Is 81488768687 composite?
True
Is 28989535859 a composite number?
True
Is 2170037411 prime?
True
Is 15151769049 composite?
True
Is 19837243 prime?
False
Is 32847062 prime?
False
Is 113687191 composite?
False
Is 71598622967 a composite number?
False
Is 44630901613 a composite number?
False
Is 158661641 composite?
True
Is 1749182159 composite?
True
Is 5221200899 prime?
True
Is 949673729 prime?
True
Is 20835197961 prime?
False
Is 1514373829 prime?
True
Is 327351887 a composite number?
True
Is 383921063 composite?
False
Is 666147379 composite?
False
Is 40925596499 a prime number?
True
Is 14650985435 composite?
True
Is 3373882187 a prime number?
False
Is 33938985061 composite?
True
Is 51809920291 prime?
True
Is 3176483599 a composite number?
False
Is 13833071123 prime?
False
Is 3128764061 prime?
True
Is 1120474211 prime?
False
Is 972812563 prime?
False
Is 70133747251 a composite number?
True
Is 66453044747 prime?
False
Is 40857053 composite?
True
Is 6145103513 a composite number?
False
Is 45855292927 a prime number?
False
Is 221982467339 prime?
True
Is 801874607 prime?
True
Is 73296071231 composite?
True
Is 3491944429 a prime number?
True
Is 33257355361 a prime number?
True
Is 10155571681 prime?
True
Is 107904991 composite?
False
Is 3574021861 a prime number?
False
Is 439740397 a composite number?
True
Is 4113813797 composite?
False
Is 29710606687 a prime number?
False
Is 4777623485 a composite number?
True
Is 5191063159 a composite number?
True
Is 2615547187 prime?
False
Is 11875808501 a composite number?
True
Is 1316297509 a composite number?
True
Is 60239371 a prime number?
True
Is 37434775823 prime?
True
Is 12732820255 a composite number?
True
Is 17908694857 composite?
False
Is 2692847 prime?
False
Is 511844321 a composite number?
False
Is 1892563091 a composite number?
True
Is 3341876231 a composite number?
True
Is 233347823 composite?
False
Is 69801103019 prime?
True
Is 10661521477 a prime number?
False
Is 837365987 a prime number?
True
Is 19518832819 prime?
False
Is 148242707 a composite number?
False
Is 11701867153 composite?
True
Is 4552744829 a composite number?
True
Is 1979471027 prime?
True
Is 1242263051 a prime number?
False
Is 295822327 prime?
False
Is 699355451 prime?
False
Is 4714893429 prime?
False
Is 27501861367 a prime number?
False
Is 27764627699 a prime number?
True
Is 1789349647 prime?
False
Is 1351583881 a composite number?
True
Is 11161014499 a composite number?
True
Is 23841718937 a composite number?
False
Is 88600308833 composite?
False
Is 515604593899 a composite number?
False
Is 10262945317 a prime number?
True
Is 70698057569 prime?
True
Is 49608650843 prime?
False
Is 1802713471 composite?
True
Is 119167057 composite?
True
Is 848819971 a composite number?
False
Is 7850773213 a prime number?
False
Is 9950739493 composite?
True
Is 6281880989 a composite number?
True
Is 22374285719 a composite number?
True
Is 8564733713 a composite number?
False
Is 12012314917 a prime number?
True
Is 17668152613 a prime number?
False
Is 471429419 composite?
True
Is 277534583 prime?
False
Is 10572207881 composite?
True
Is 4702636993 a composite number?
True
Is 8051230783 prime?
True
Is 2375394106 a prime number?
False
Is 147568811 a composite number?
True
Is 4129645487 composite?
True
Is 1114430489 a composite number?
True
Is 5214113603 a prime number?
False
Is 49584675359 prime?
True
Is 5851993867 prime?
False
Is 7574811557 a prime number?
False
Is 194618873 a prime number?
False
Is 180652559 prime?
True
Is 1195822717 a composite number?
True
Is 67378939813 composite?
False
Is 23554149497 a prime number?
True
Is 244188930313 composite?
True
Is 1353742277 composite?
False
Is 67213679 composite?
True
Is 79527806409 composite?
True
Is 2262966933 a composite number?
True
Is 3137734133 a composite number?
False
Is 12352209407 a prime number?
False
Is 1417376549 a prime number?
True
Is 39753473429 a prime number?
True
Is 31480523461 a prime number?
True
Is 879178117 a composite number?
False
Is 54323390617 prime?
True
Is 7471934443 composite?
False
Is 25789803901 prime?
False
Is 217913327 prime?
False
Is 38889822487 prime?
True
Is 21544928051 composite?
False
Is 1199341043 a composite number?
True
Is 800600149 composite?
False
Is 1081758629 a prime number?
False
Is 1830345457 composite?
False
Is 49738725367 a composite number?
False
Is 6193982383 composite?
False
Is 18025554697 a composite number?
False
Is 9410942947 a prime number?
False
Is 26742389923 composite?
True
Is 7308413821 a prime number?
False
Is 60663718207 composite?
False
Is 4038491881 a prime number?
True
Is 2282538859 a composite number?
True
Is 3926903339 a composite number?
True
Is 126498299 a composite number?
False
Is 6087543911 composite?
False
Is 14716801067 composite?
False
Is 7065413591 a composite number?
False
Is 1391337943 a composite number?
False
Is 230761559 a prime number?
False
Is 4534864627 composite?
False
Is 2774485249 a prime number?
True
Is 829410227 prime?
True
Is 54679979779 a composite number?
False
Is 1367529409 a prime number?
True
Is 48032803627 composite?
False
Is 14850845287 a composite number?
True
Is 5229740759 composite?
True
Is 59657137 a composite number?
False
Is 14359085431 prime?
False
Is 19073772109 a prime number?
False
Is 28206768553 prime?
False
Is 8675262461 a prime number?
False
Is 249180331 a prime number?
False
Is 4175401831 a prime number?
True
Is 118926536957 composite?
False
Is 22769166191 a composite number?
False
Is 6796720283 a composite number?
True
Is 17284207 composite?
True
Is 6112110337 prime?
False
Is 10927055137 composite?
False
Is 169873105799 composite?
True
Is 341475097 prime?
True
Is 3368498953 prime?
False
Is 23344738783 a prime number?
True
Is 3140354429 composite?
False
Is 11612053523 composite?
True
Is 6462135151 a composite number?
False
Is 1276157821 composite?
False
Is 17546704489 prime?
False
Is 54808668511 a prime number?
True
Is 6079099321 prime?
True
Is 21110079079 composite?
True
Is 52403006647 a composite number?
False
Is 14964801289 a prime number?
True
Is 216737594 a composite number?
True
Is 70987593 composite?
True
Is 93792777109 a composite number?
False
Is 2214006911 prime?
True
Is 450743639 composite?
True
Is 67786318861 a prime number?
False
Is 180518651 a prime number?
False
Is 389172067 prime?
False
Is 4450040251 composite?
False
Is 50043874547 a prime number?
True
Is 49155984355 composite?
True
Is 81368653 a composite number?
False
Is 27600486533 prime?
True
Is 3560315027 prime?
True
Is 18270949 a prime number?
False
Is 23060895293 prime?
False
Is 91125589963 a prime number?
True
Is 6378227831 prime?
True
Is 1222250629 prime?
False
Is 46976067709 prime?
False
Is 190994263 a composite number?
False
Is 13067185331 a composite number?
True
Is 25809750739 prime?
True
Is 4322990429 a composite number?
False
Is 13350419003 prime?
True
Is 4563758489 composite?
False
Is 497658713 a composite number?
True
Is 33437332301 a composite number?
False
Is 27015975839 a composite number?
False
Is 1622041331 composite?
False
Is 2660543329 a prime number?
True
Is 503158783 a prime number?
True
Is 38157418851 a composite number?
True
Is 22865616223 a composite number?
True
Is 12894859987 composite?
True
Is 100455437321 composite?
True
Is 1620387767 a prime number?
False
Is 231860341227 a prime number?
False
Is 1119871463 prime?
True
Is 5677707253 composite?
True
Is 653521061 composite?
True
Is 12574416781 a composite number?
False
Is 12324355973 a composite number?
True
Is 1792004183 a composite number?
False
Is 40889693 prime?
False
Is 64758713 a prime number?
False
Is 6746478383 a prime number?
True
Is 4458031423 composite?
False
Is 135443598919 a prime number?
True
Is 59611161209 prime?
True
Is 271169905 composite?
True
Is 287010323441 composite?
True
Is 200430155 a composite number?
True
Is 5548712563 composite?
True
Is 2041197167 a composite number?
True
Is 3521828671 composite?
False
Is 57600964961 a prime number?
True
Is 517802581 a prime number?
True
Is 22019769181 composite?
True
Is 13309238797 a prime number?
True
Is 1919493229 a composite number?
True
Is 2252790181 a composite number?
True
Is 13126417 prime?
True
Is 4505482523 prime?
False
Is 8637410